 45?
42
Suppose 4*p - 6*d + 1 = -d, -5*d + 13 = -2*p. Suppose -p*h + 197 = -5*h. Calculate the remainder when h is divided by 11.
10
Suppose -3*p = -4*x + 13, -2*x + 4*p - 48 = -6*x. Suppose -x*o + 9 = -124. What is the remainder when 54 is divided by o?
16
Suppose -39*q - 242 = -41*q. What is the remainder when q is divided by 54?
13
Let z be 150/39 - (-4)/26. Suppose 0 = g + 2*i + z, -5*g + 5*i = -32 - 8. Suppose 0 = g*h - 55 - 121. What is the remainder when h is divided by 16?
12
Let j = -1441 - -1502. What is the remainder when 13540 is divided by j?
59
Suppose 5*l = -4*c + 754, 5*l + 2*c = 920 - 168. Suppose 5*p = -0*p + l. Calculate the remainder when 95*(3/6)/(25/p) is divided by 15.
12
Suppose 25*d = 11*d + 33*d - 8512. Calculate the remainder when d is divided by 96.
64
Let z = -599 + 617. Suppose z*f - 260 = 5*f. Calculate the remainder when 115 is divided by f.
15
Suppose 8*g + 9576 = 2*g. Let d = -833 - g. Calculate the remainder when d is divided by 15.
13
Let m be -73 + 2/(-4)*2. Let o = -71 - m. Suppose 0 = -o*s + 5*p + 8, 4*s - 5*p = -4*p + 39. Calculate the remainder when 53 is divided by s.
9
Suppose -30 + 96 = 3*b. Calculate the remainder when 141 is divided by b.
9
Suppose -4*a - 3*t = -1693, -29*t + 31*t = -3*a + 1269. Calculate the remainder when a is divided by 71.
66
Suppose 81 = 4*z - u - 203, 3*u = -4*z + 284. Suppose 10*o + 90 = 13*o. Suppose -o*b + 180 = -20*b. Calculate the remainder when z is divided by b.
17
Let u(h) = 94*h - 4304. Calculate the remainder when 2574 is divided by u(46).
14
Let s = -1070 + 1611. What is the remainder when s is divided by 17?
14
Let h(l) = -31 + 34*l - 10*l - 150 + 14. Calculate the remainder when h(12) is divided by 4.
1
Suppose 0 = 4*b + 93 + 539. Let n = b - -235. What is the remainder when n is divided by 26?
25
Suppose -3*u + 5*u = 8. Let y(f) = 2*f**2 - 79*f - 634. Calculate the remainder when y(47) is divided by (3 - u)*(-38 + 1).
34
Let y be 35/(-14)*(-1)/(3/6). Suppose 0*p - 3*d = -p + 31, y*d = -10. Calculate the remainder when 67 is divided by p.
17
Let z(x) = -10*x**2 - 13*x - 44. Let j be z(-4). Let k = j + 258. What is the remainder when k is divided by 30?
16
Suppose -4*g = -128 + 40. Let x = g - 19. What is the remainder when 1/(3 - (-140)/(-48)) is divided by x?
0
Suppose -71 = -g + 2*s, s + 274 = 4*g + 3*s. Suppose -623 = 16*o - 1871. Let x = o - g. Calculate the remainder when 27 is divided by x.
0
Let r(c) = 2*c - 6. Let m be (-204)/119*(-1 - (46 - -2)). Suppose -267*l - m = -271*l. What is the remainder when l is divided by r(6)?
3
Let s = -3057 + 3104. Let u(t) = -t**3 - t**2 + 4*t + 272. Calculate the remainder when u(0) is divided by s.
37
Suppose 0 = -5*j + 2*t + 38, -3*j - t + 34 = 9. What is the remainder when 62 is divided by j?
6
Calculate the remainder when (17 - 1169/70) + (-26107)/(-10) is divided by 187.
180
Suppose 5*t + 212 - 38 = 2*j, j - 177 = 5*t. Let h = t - -40. Suppose 0 = 4*g + h*k - 32, 4*k = 2*g - 5*g + 25. Calculate the remainder when 30 is divided by g.
2
Let h(k) = -k**2 + 11*k - 25. Let p be h(7). Suppose 0 = 4*v - b - 132, 6 = p*b - 6. What is the remainder when 267 is divided by v?
29
Let y(r) = -r**3 - 5*r**2 - 5*r + 4. Let c be y(-2). What is the remainder when 280 is divided by 0 + 17 + c - 4?
10
Let i = 245 - 111. Let r = -6 + 36. Calculate the remainder when i is divided by r + (-2)/((-4)/10).
29
Suppose v - 3*g - 111 = 0, 5*v + 2*g - 272 - 198 = 0. What is the remainder when v is divided by 84?
12
Let a = -82 + 92. Suppose 2*i = m - 10, 2*i - 4*m = -0*m - a. What is the remainder when 74 is divided by 3 - (i - -3) - -10?
14
Let x = 40 + -46. Let j = x + 13. Suppose j*b - 112 = -b. What is the remainder when b is divided by 9?
5
Let y(c) = -c**3 + 43*c**2 - 45*c + 714. Calculate the remainder when y(41) is divided by 36.
35
Let t = 4277 - 4237. Let g = 308 - 175. What is the remainder when g is divided by t?
13
Let b(a) = -a**3 + 14*a**2 - 33*a + 13. Suppose 4*d = 7*d - 30. Calculate the remainder when b(11) is divided by d.
3
Suppose 2*t = 6*t - 236. Let h = 1996 + -1822. Calculate the remainder when h is divided by t.
56
Let g = -226 - -358. Calculate the remainder when 921 is divided by g.
129
Suppose f + 4*p + 1 = 4, 4*p = 0. Suppose a - 34 = -o, f*o = -a + 57 + 43. Calculate the remainder when o is divided by 18/(1 + (1 - 1)).
15
Let x(b) = -b**3 - 2*b + 118. Let j be x(0). Let z(w) = -4*w**2 - 31*w + 22. Let a be z(-10). Let u = j + a. What is the remainder when 148 is divided by u?
48
Let j be -807*(-2)/3 - 4. Suppose -4*b = -3*v - j - 102, 0 = 2*v. What is the remainder when (2/6)/(4 + (-635)/b) is divided by 14?
11
Suppose 6*l = 4*l + 2*m + 134, l + 4*m = 57. Let a be 7/7 - (-2 - 64). Suppose a*d = l*d + 22. What is the remainder when 108 is divided by d?
9
Calculate the remainder when 238 is divided by ((-6)/(-8))/((-228)/(-7904)).
4
Let t = -193 + 208. What is the remainder when 68 + (-1)/3*t is divided by 13?
11
Let y be 294/(-42)*(-4)/14. Suppose 0 = -y*t + 5*t - 9. Calculate the remainder when 6 is divided by t.
0
Let u = -3567 - -4670. What is the remainder when u is divided by 18?
5
Suppose -s = 2, 11 = q - 4*s - 5. Calculate the remainder when (-5)/10 + 188/q is divided by 3/2 + (-18)/(-4).
5
Suppose 63*t = 71*t - 576. Suppose -255 = -3*b - 3*p + 6*p, 8 = 2*p. Let q = b - t. What is the remainder when q is divided by 7?
3
Suppose -42*s + 43*s = -411. Let x = s - -500. What is the remainder when x is divided by 10?
9
Suppose 7*t + 5*t = 0. Suppose -3*x = 5*u - 46, -5*u + 36 = -t*u - 2*x. Calculate the remainder when (u/(-12))/(2/(-258)) is divided by 30.
26
Suppose 46 = -4*o + 26. Let u = o - -7. Suppose q - u = c, -3*q - 13 = c - 35. What is the remainder when 28 is divided by q?
4
Let m = 182 + -180. Suppose -m*a + 4*h = -186, -3*a - 4*h = -3*h - 251. What is the remainder when a is divided by 18?
13
Let z(x) = -x + 12. Let b be z(10). Suppose -2*m = -5*c + 55, -7 + 50 = b*c - 5*m. Let d = 1371 + -1319. Calculate the remainder when d is divided by c.
7
What is the remainder when (-6846)/(-10) + (-1043)/(-298)*4/35 is divided by 303?
79
Let d be 2 + (-40)/(-6)*54/15. Suppose 5*n = -4*y - 10, 0 = 3*y + 4*n + 3 + 5. Let b = y + d. Calculate the remainder when b is divided by 16.
10
Let m(v) = -10*v**2 + 34 + 83*v + v**3 - 11*v**2 - 63*v. Calculate the remainder when 167 is divided by m(20).
31
Let g = -8 + 30. Let l = 40 - g. Let z(a) = a**3 - a**2 - a + 68. Calculate the remainder when z(0) is divided by l.
14
Suppose -2*q = -7*q - u + 3565, 0 = q - u - 719. Let k = q + -598. Calculate the remainder when k is divided by 7.
4
Let z(q) = q**3 + 3*q**2 - 2*q - 4. Let h be 3/6 - 13/(-2). Suppose -h*w = -w - 78. What is the remainder when w is divided by z(-3)?
1
What is the remainder when 606 is divided by (-480)/(-5) + (-24)/12 + -6?
78
Suppose -4*n = 1824 - 6232. Calculate the remainder when n is divided by 6.
4
Let j(i) = -17*i - 30. Let k = -590 + 693. Calculate the remainder when k is divided by j(-3).
19
Let o(x) = -x**3 - 2*x**2 + 64. Suppose 8 + 4 = -4*t, 0 = -5*q - 5*t - 15. Calculate the remainder when o(q) is divided by 17.
13
Suppose -8*s + 5*s = -c + 84, 0 = 4*c - s - 292. Calculate the remainder when 35 is divided by (1/((-14)/c))/(15/(-70)).
11
Calculate the remainder when 297 is divided by (-4)/30*-3 - 4*(-396)/40.
17
Let r(h) = -33*h + 14. Suppose -41*n + 33*n - 40 = 0. Let d be r(n). Suppose 8*k + 67 = d. What is the remainder when k is divided by 6?
2
Let c(p) = 85*p + 104. Calculate the remainder when 44927 is divided by c(0).
103
Suppose -2*q + 6 + 2 = 0. Let v(f) be the first derivative of 5*f**2/2 + 13*f + 983. Calculate the remainder when v(q) is divided by 12.
9
Let x(g) = 31*g + 340. What is the remainder when x(-4) is divided by 46?
32
Suppose -2*v + 4*d + 56 = 0, -3*v - 17*d + 19*d = -92. What is the remainder when 346 is divided by v?
26
Let r(u) = 1132*u + 526. What is the remainder when r(4) is divided by 79?
77
Let w(v) = -146*v + 13. Let q be w(3). What is the remainder when 105 is divided by (q/(-35) - 7)/((-1)/(-7))?
33
Let x(y) = -29*y**3 - 45*y**2 - 197*y + 6. Calculate the remainder when x(-5) is divided by 1744.
3
Let d = -5221 - -5264. Calculate the remainder when 5200 is